?
8
What is the value of -82 - ((4 - -15) + (-7 - 17))?
-77
Calculate -15 + (-13 - (-24 - (6 - (-2 + 8)))).
-4
What is the value of 87 + (-2 - -6) + 1 + -6 - -14?
100
Calculate 29 - (-516 + 512 + -6 + -1).
40
What is the value of (35 + 0 - 20) + 12 - -4?
31
Calculate (8 - 4) + -18 + (-64 - -79 - (13 + 12)).
-24
-27 + -4 + 49 + 2 - -51
71
What is 27 - (3 + 14 - 12) - 32 - 8?
-18
What is 19 - 9 - (10 - -7 - 5)?
-2
Evaluate (1716 - 1850) + 1 + 29.
-104
Calculate -90 + (-18 - 27) + 101.
-34
Calculate 47 + 41 + -126 + 50.
12
What is the value of (5 - 21 - (-1 + 28)) + -1?
-44
-75 + (52 - 12) + 22
-13
5 - (-21 + -45 + 33)
38
What is -1 + 7 - ((-2 + 0 - 74) + -163 + 177)?
68
What is the value of -9 + (-13 - (1 + -1) - (-771 - -760))?
-11
5 + -3 + ((6 - -4) + -4 - (101 - 110))
17
Evaluate 15 - (96 - (15 - -37)).
-29
What is -4 + -14 + (7 - -3 - -2) - (-2 - 37)?
33
Calculate 24 - ((8 - -7) + -1) - (-1 + -1).
12
What is 17 + (-7 - -20) + (-14 - 0)?
16
Calculate (-653 - -304) + 288 + 1 + -12.
-72
What is the value of 3 + (-8 - -38 - (25 + -5))?
13
40 - ((17 - 27) + 7 - -21)
22
-70 - (-144 - -112) - (31 + 0)
-69
What is the value of -56 - ((-31 - -35) + -33)?
-27
Calculate (0 - 8) + (248 - 11 - 184).
45
What is the value of (-121 - 16) + 8 - -74?
-55
Calculate (-4 + 3 - 12) + -115 + (48 - 33).
-113
Evaluate -8 + 0 - (23 - (77 + -56)).
-10
Calculate (-13 - 0) + (-159 - -168) - 2 - (-6 + -11).
11
Calculate -45 - (-47 - (-24 + 0)).
-22
What is (-156 - -96) + 46 + 1?
-13
19 - (8 - -7) - (-3 + -1 + 11)
-3
Calculate -7 + -4 + (-5 + 21 - -5) - (-65 - 0).
75
-55 + 66 - (25 + (-3 - -3) + (-3 - -2))
-13
(-22 - 17) + -15 + 13
-41
What is (19 - 12) + -1 + 2 + (2 - 90)?
-80
-58 + -37 + 32 + 33
-30
What is the value of (-54 - -166) + -76 + -26?
10
What is 42 - 7 - (97 - 91)?
29
-25 + (-16 - (-24 - (16 - 18 - 14)))
-33
Evaluate (-4 - (-16 + 9) - -7) + -6 - (-14 + 5).
13
Calculate -34 + (-19 - (0 - 15 - (-203 + 194))).
-47
What is the value of -2 + 4 - (-1 - 1) - (3 + (-13 - -1))?
13
What is -1475 - -1473 - (0 + 1 - 0)?
-3
What is (-65 - (-7 + -2) - (-1 + -2)) + (7 - 1)?
-47
What is (5 + 7 + -4 - (-60 - -71)) + 4?
1
What is the value of 43 + (-96 + 123 - -60)?
130
34 - -3 - (-146 + 161) - 38
-16
What is -130 + 136 + (-38 - -111)?
79
Calculate -50 - (1 + 7 + 11 - ((-5 - -23) + -11)).
-62
-1919 + 1877 - (-2 - 50)
10
Calculate 339 + -362 - (2 + -51).
26
What is the value of -51 + (68 - 23) + 20?
14
Evaluate 3 - -2 - -3 - (8 - 44 - 2 - -15).
31
Calculate (-2 - (-4 - 0)) + (17 - (-10 - (-22 + 1))).
8
Evaluate (-95 - -62) + (-5 - -28) + (-42 - (-2 + 1)).
-51
Evaluate 54 + (-33 + 6 - (-178 + 154)).
51
What is 9 - ((15 - 67) + (-1 - -8))?
54
Evaluate 4 - -11 - (-72 + 7 + 97).
-17
-97 + 28 + 17 + 21
-31
Calculate 2 - 2 - -56 - (-1848 - -1862).
42
What is the value of -21 - (-84 - 1 - (-89 + 79))?
54
What is -43 - -25 - (-3 + 1 - (-19 - -5))?
-30
What is the value of (9 - 4 - (-3 - -16)) + -15?
-23
What is the value of -52 + 63 + (-2 - 3 - (63 - -8))?
-65
Evaluate 27 - ((-33 - -50) + 22).
-12
50 - (43 + (-69 - -30)) - 28
18
Calculate (-100 - -147) + -87 + (-40 - -1).
-79
Calculate 7 + -1 + 13 + (0 - -20).
39
Evaluate -6 + 26 + ((-25 - -16) + 14 - 2).
23
Calculate -684 + 672 - (2 - (3 + 3 + -6) - 70).
56
Evaluate 63 - 2 - (18381 - 18399 - ((-28 - 1) + 1)).
51
What is the value of 4 + -2 + 1 + 4 + -31 + 19 + 7?
2
What is -81 - 35 - -58 - (5 - 3)?
-60
What is 4 - (21 + 30 + -45)?
-2
5 + (801 + -836 - (-20 - -1)) - (86 + -1)
-96
Calculate (-65 - -58) + (8 - 1 - (-34 - -63)).
-29
Calculate (-76 - 16) + (39 - 7) + 24.
-36
(-5 - 0 - (-29 + 8)) + (7 - 15) - -46
54
Calculate 8 + (-6 - 4 - (29 - 31)) - 10.
-10
Evaluate 29 - (20 + -42 - -19) - (1 + 4).
27
What is the value of (11 - (89 - 77) - (-2 - (84 + 0))) + -8?
77
Evaluate 74 - (22 + 17 - 5 - 4).
44
What is the value of 0 + 48 - (-1 - 0 - (304 - 288))?
65
Calculate (3 - 2) + -29 + (33 - (-21 + 12)).
14
What is -46 + 4 + (-5 - -5)?
-42
(-4 + 7 - ((8 - 6) + -12)) + (18 - 0)
31
What is the value of (64 - 19 - 28) + -8 + (-3 - -26)?
32
What is the value of 1515 - 1522 - (-5 - (2 + -1)) - -79?
78
Calculate 28 + 7 - -7 - ((-49 - -24) + 21).
46
Calculate 28 + -56 + -28 + 38.
-18
Calculate 3 + 3 + 2 + (-600 - -589).
-3
Calculate 48 + 6 + 8 + -19 - (3 + -3).
43
Calculate -64 + (-16 - 29) + 82.
-27
What is the value of -163 + 191 + 88 - (11 + -2)?
107
(-96 - -57 - (-37 + 9 - -8)) + -17
-36
What is the value of 11 + -27 + (-12 - -21) + 81?
74
34 + 30 + (-17 + -5 - -21)
63
Calculate -65 + 0 - (-5 - (2 + 0)) - 9.
-67
What is the value of 12 + (-8 - (-14 - -8)) + -2 + -43?
-35
Calculate 190 - (66 + -11) - 3.
132
What is (-24 - (-6 + 2 - 36) - 13) + 3 + -58?
-52
What is 11 - (69 + -30 + (6 - (3 - 3))) - 0?
-34
Evaluate (6 + -2 - (6 + 2) - 38) + 11.
-31
What is -5 + 1 + (-136 - (-51 + (-49 - -61)))?
-101
8 + (42 - 28 - 45) + 33
10
What is -39 + (50 - (53 - 32))?
-10
What is 90 + (-3 - (27 - 14)) + -4?
70
What is the value of -7 - -5 - (42 - 37 - (1 - -36) - -7)?
23
-27 - (-98 + 68 + -34)
37
What is the value of 0 + (5 - (3 - 4)) + (-94 + 2 - -32)?
-54
60 + -44 + 98 + -43
71
What is 8 - ((-4 - (-4 - (-1 + (-9 - -17)))) + 109)?
-108
What is the value of (-78 + 67 - 26) + 27?
-10
What is (4 - 40) + 2 + (-25 - (49 + -69))?
-39
(26 - (38 - -5) - -16) + -15
-16
-3 + 17 - (11 - (-16 + (10 - (8 - -19))))
-30
(-1 - -85) + -281 + 229
32
Calculate -46 - -1 - (-244 - -198).
1
What is -82 - (2 - (7 - 4) - (13 + -25)) - -9?
-84
Calculate -29 + (-54 - -31) + (15 - 7).
-44
Evaluate 29 - (-16 - (87 + -66)).
66
Calculate 7 + (42 - 35) + -8.
6
What is the value of 54 + (-7 - 22 - -12) + 28?
65
Calculate -33 - ((2 + -4 - -4) + -14) - 2.
-23
What is the value of (13 - (-9 - -22)) + (-49 - (4 + -10)) - -4?
-39
Evaluate 110 + 31 + -217 + 91 + (0 - (-25 - -1)).
39
Calculate -1 + -4 - 2 - (26 - (-26 + 32) - 35).
8
Evaluate 52 - (49 + -21) - (44 - 7).
-13
Evaluate 22 + -28 + 72 + -48.
18
What is 177 + -41 - 123 - -63?
76
Calculate -6 - (4 + -2 - ((1 - -7) + 3)) - -85.
88
What is (8 + -3 - 20 - -4) + 42 - -11?
42
Evaluate 46 + -200 + 25 + 14.
-115
-11 + (4 - (-8 + -61) - (-1 - (11 - 3)))
71
What is the value of -9 + (-37 - (-43 + (-19 - -28)))?
-12
Evaluate 16 + -59 - -17 - -6 - (-6 - -13).
-27
Calculate (6 - 2 - (0 + -1)) + -20.
-15
(-10 - 1) + (13 - ((4 - (-12 - -4)) + -35))
25
Evaluate -30 - (2 - (44 - 39)).
-27
What is the value of 0 - (-54 - -118 - 41)?
-23
Evaluate (84 - (-102 + 60)) + -219.
-93
What is -12 + (10 - (7 + -12)) - (12 + 34)?
-43
What is (-6 - -145) + -67 + 48 + (5 - 5 - 1)?
119
Calculate -16 - (13 + 10 + -31 + -9 + 4) - -112.
109
Calculate 157 + -149 + (2 - -36 - -3) - 14.
35
What is the value of -11 - ((4 - 20) + 9 - (8 - (20 + -8)))?
-8
What is the value of -20 + 12 + 11 - (-14 - (62 + -1))?
78
What is the value of 10 + (-71 - -7) + 6?
-48
Evaluate -1 - (-21 - ((26 - 10) + -9 + -21)).
6
What is 13 - (48 + -5 - 24)?
-6
Evaluate -24 + 5 + -29 + 35.
-13
Calculate (-28 - -35) + (8 - 1) + -25.
-11
What is the value of 14 + -20 - -3 - (48 - 10)?
-41
3 + -11 + -8 + 4 + 13 + 18
19
What is 19 - (58 + -79 + 6 + (5 - 3) - -1)?
31
((-2 - -4 - -1) + 13 - (-19 - -13)) + -9
13
What is -32 - (-15 - (-9 - -3)) - -12 - (-1 + 33)?
-43
Evaluate -25 + 15 + -52 + 20.
-42
What is the value of 4 + 44 + (-13 - (2 + -9 + 4 + -2))?
40
Calculate 67 + (-52 - 80) + -46.
-111
Calculate 21 + -22 - (14 + 17 + -29 + -7).
4
58 - (104 - 55) - 29
-20
Calculate -77 - (-38 + (36 - 16)).
-59
2 + (-48 - -16) - -32 - (34 + 2)
-34
Calculate -3 - (0 + 23) - (-48 + (21 - -26)).
-25
What is 186 + 243 + -348 + (-4 - -2 - -8)?
87
(-209 - -159) + (-4 + 4 - -1 - 21)
-70
-1 + -16 - (97 + -130)
16
Calculate -11 - (-51 - ((15 - 3) + (-8 - 4))).
40
Evaluate -180 - -203 - (-1 + 0) - -4.
28
Calculate 10 - 85 - -63 - (36 + 2 + 1).
-51
What is 200260 + -200136 - (10 + (2 - 1) - 1)?
114
What is 42 + -105 + 42 - 9?
-30
What is 643 - 787 - (-11 - 71)?
-62
Evaluate -321 + 282 + 4 + -18 + 44.
-9
Evaluate (-16 - -6) + -19 + (9 - 0) + -5.
-25
What is -1 - 31 - (-21 + -60 - -96)?
-47
Evaluate -77 - -26 - -113 - 120.
-58
Calculate 66 - 9 - 66 - -21.
12
Evaluate 0 - 13 - (-65 - (-76 - -27) - (1 + -14)).
-10
19 - ((7 - 0 - -2) + 132 + -73)
-49
What is the value of -42 + 49 + 25 - 5?
27
Evaluate -91 - -80 - (147 + -177 +